
120
Calculate the greatest common factor of 4 and 3.
1
Calculate the greatest common factor of 17890 and 10.
10
Calculate the greatest common divisor of 1290 and 86.
86
What is the greatest common factor of 22 and 33?
11
What is the highest common divisor of 32 and 6440?
8
What is the highest common divisor of 152 and 190?
38
What is the greatest common divisor of 54 and 945?
27
What is the highest common divisor of 118 and 413?
59
What is the highest common factor of 793 and 122?
61
What is the highest common factor of 54302 and 38?
38
What is the highest common factor of 1430 and 520?
130
What is the greatest common factor of 338 and 26?
26
Calculate the greatest common divisor of 32 and 48.
16
Calculate the greatest common divisor of 183 and 4880.
61
What is the highest common factor of 250 and 10?
10
Calculate the greatest common divisor of 4 and 604.
4
Calculate the greatest common divisor of 5 and 9745.
5
What is the highest common factor of 1104 and 115?
23
What is the greatest common factor of 1065 and 285?
15
What is the highest common divisor of 3462 and 18?
6
Calculate the highest common divisor of 4 and 50.
2
What is the greatest common factor of 80 and 8720?
80
What is the greatest common factor of 3070 and 10?
10
Calculate the greatest common divisor of 6240 and 39.
39
Calculate the highest common divisor of 48 and 13524.
12
What is the greatest common divisor of 259 and 592?
37
What is the greatest common factor of 260 and 10?
10
Calculate the highest common factor of 190 and 855.
95
Calculate the greatest common divisor of 3667 and 38.
19
Calculate the greatest common divisor of 108 and 108.
108
What is the highest common divisor of 69 and 23?
23
Calculate the highest common divisor of 16 and 56.
8
What is the highest common divisor of 680 and 160?
40
Calculate the highest common factor of 3120 and 130.
130
What is the highest common factor of 322 and 368?
46
Calculate the greatest common divisor of 9106 and 58.
58
Calculate the highest common factor of 51 and 34.
17
What is the highest common divisor of 1 and 7?
1
What is the highest common factor of 217 and 21?
7
What is the greatest common factor of 70 and 4634?
14
What is the greatest common factor of 8 and 148?
4
What is the greatest common divisor of 5 and 1205?
5
Calculate the highest common divisor of 1040 and 845.
65
What is the highest common divisor of 132 and 44132?
44
Calculate the greatest common divisor of 978 and 6.
6
What is the highest common factor of 282 and 4?
2
Calculate the greatest common divisor of 99 and 121.
11
What is the highest common divisor of 3272 and 32?
8
Calculate the greatest common divisor of 423 and 9.
9
Calculate the highest common factor of 448 and 216.
8
Calculate the greatest common divisor of 120 and 4170.
30
Calculate the highest common divisor of 43 and 473.
43
Calculate the highest common factor of 22 and 2750.
22
Calculate the greatest common divisor of 168 and 1428.
84
Calculate the greatest common divisor of 3913 and 91.
91
What is the highest common divisor of 252 and 72?
36
What is the highest common divisor of 60 and 6860?
20
What is the highest common factor of 1 and 173?
1
Calculate the greatest common factor of 1230 and 30.
30
What is the greatest common divisor of 1521 and 3744?
117
What is the greatest common factor of 4 and 1844?
4
Calculate the greatest common divisor of 2 and 298.
2
Calculate the highest common factor of 5350 and 100.
50
Calculate the greatest common divisor of 73631 and 29.
29
Calculate the greatest common divisor of 1240 and 4216.
248
Calculate the highest common divisor of 3502 and 68.
34
Calculate the highest common factor of 12 and 9.
3
Calculate the highest common divisor of 380 and 40.
20
What is the greatest common factor of 900 and 1260?
180
Calculate the greatest common divisor of 2 and 3.
1
Calculate the highest common divisor of 15 and 1920.
15
Calculate the greatest common divisor of 16172 and 104.
52
What is the highest common factor of 703 and 222?
37
Calculate the greatest common divisor of 84 and 784.
28
Calculate the greatest common factor of 42 and 2373.
21
What is the greatest common divisor of 108 and 342?
18
What is the highest common divisor of 1020 and 4845?
255
Calculate the highest common factor of 15729 and 147.
147
Calculate the highest common factor of 10 and 58.
2
Calculate the greatest common factor of 42 and 5376.
42
Calculate the greatest common factor of 55 and 2.
1
What is the greatest common factor of 100 and 80?
20
Calculate the highest common divisor of 905 and 5792.
181
What is the greatest common divisor of 20 and 35?
5
What is the greatest common divisor of 1036 and 56?
28
Calculate the highest common factor of 1 and 3574.
1
What is the highest common factor of 53 and 4876?
53
What is the highest common factor of 222 and 703?
37
Calculate the greatest common factor of 6 and 3.
3
Calculate the greatest common factor of 84 and 28.
28
Calculate the greatest common divisor of 26 and 65.
13
What is the highest common factor of 4944 and 72?
24
Calculate the greatest common factor of 26468 and 52.
52
What is the greatest common divisor of 75 and 15?
15
What is the highest common factor of 10985 and 26?
13
Calculate the greatest common factor of 91 and 7.
7
What is the highest common divisor of 88 and 99?
11
What is the highest common divisor of 89 and 11?
1
Calculate the greatest common divisor of 63 and 56.
7
Calculate the highest common divisor of 51 and 85.
17
Calculate the greatest common factor of 2236 and 43.
43
Calculate the greatest common divisor of 36 and 60.
12
What is the highest common divisor of 1853 and 218?
109
What is the highest common factor of 147 and 14?
7
What is the highest common divisor of 3825 and 170?
85
Calculate the highest common factor of 782 and 23.
23
What is the highest common factor of 76 and 20?
4
What is the greatest common divisor of 308 and 198?
22
Calculate the greatest common factor of 1120 and 700.
140
Calculate the highest common factor of 148 and 4.
4
Calculate the highest common factor of 1428 and 5100.
204
Calculate the greatest common factor of 396 and 36.
36
What is the greatest common divisor of 1101 and 3?
3
What is the greatest common divisor of 70 and 770?
70
Calculate the greatest common factor of 512 and 48.
16
What is the greatest common divisor of 88 and 132?
44
What is the greatest common divisor of 42 and 3?
3
Calculate the highest common divisor of 102 and 54.
6
What is the greatest common divisor of 13 and 533?
13
What is the greatest common factor of 936 and 52?
52
What is the greatest common divisor of 31 and 16864?
31
Calculate the greatest common divisor of 24 and 72.
24
What is the highest common factor of 282 and 188?
94
What is the highest common factor of 30 and 610?
10
What is the greatest common factor of 3875 and 5?
5
Calculate the highest common divisor of 688 and 48.
16
Calculate the highest common factor of 48 and 40.
8
Calculate the highest common divisor of 50 and 220.
10
Calculate the greatest common divisor of 108 and 234.
18
What is the greatest common divisor of 92 and 20?
4
Calculate the highest common factor of 364 and 98.
14
What is the greatest common factor of 52 and 988?
52
What is the greatest common factor of 75 and 1995?
15
Calculate the highest common factor of 1687 and 112.
7
What is the greatest common divisor of 17 and 2567?
17
What is the greatest common factor of 49 and 10045?
49
What is the highest common divisor of 18 and 42?
6
Calculate the highest common factor of 24 and 792.
24
What is the greatest common factor of 616 and 5852?
308
Calculate the greatest common divisor of 25 and 775.
25
What is the greatest common divisor of 25 and 10575?
25
What is the highest common divisor of 420 and 600?
60
What is the highest common factor of 1562 and 286?
22
What is the highest common divisor of 34 and 1037?
17
What is the greatest common divisor of 20 and 30?
10
Calculate the greatest common factor of 730 and 511.
73
What is the highest common factor of 14124 and 132?
132
Calculate the greatest common divisor of 56 and 60.
4
What is the greatest common divisor of 6955 and 65?
65
Calculate the greatest common divisor of 244 and 183.
61
What is the highest common factor of 7